t n = a + -28. Suppose 2*f + 1 = 5. What is the highest common divisor of n and f?
2
Let s(f) = -77*f - 6. Let z be s(-1). Suppose -j + z = 7. Calculate the highest common factor of j and 96.
32
Suppose 10 = -a + 2*z, -4*a + 6*a = -3*z + 15. Suppose -8*m + 2*m + 168 = a. Calculate the greatest common factor of 14 and m.
14
Suppose n - 3*m = 123, -9*m = -3*n - 5*m + 394. Calculate the highest common divisor of n and 897.
69
Let i = 219 - -33. Let q = 27 + 36. What is the greatest common divisor of i and q?
63
Let o be (24/18 + 1/(-3))*-53. Let z = o - -16. Let f be -1 - 4 - (-77 - z). Calculate the highest common factor of 5 and f.
5
Suppose -1134 = -3*a + 417. Suppose 21*h - a = 344. Calculate the highest common divisor of h and 369.
41
Let n(z) = -2*z**3 - 2*z**2 + 5*z - 4. Let c be n(-3). Suppose t + 25 = c. Let a be (t/20)/2 - (-438)/15. What is the highest common factor of a and 58?
29
Suppose -53*k = -12*k - 36736. What is the greatest common divisor of 56 and k?
56
Let t = -533 - -763. Suppose -2*m = -5*u + t, 2*u + 0*m + 3*m = 73. Suppose -49*s + 60 = -u*s. Calculate the greatest common factor of s and 132.
12
Suppose -27*t = -1220 + 6593. Let i = t + 267. What is the greatest common divisor of 4 and i?
4
Suppose 6*a = a + 105. Suppose -12*y - 186 = -15*y - 2*x, -3*y + 4*x = -168. Suppose -221*c = -211*c - y. Calculate the highest common factor of c and a.
3
Let c(u) be the third derivative of u**6/120 + u**5/4 + 7*u**4/24 - 7*u**3/6 + 313*u**2. Let d be c(-5). Calculate the greatest common factor of d and 16.
16
Suppose 0*a + 3*n + 6 = 2*a, n - 2 = 0. Suppose -a = -3*h + 12. Suppose -5*u - v + 18 = 0, 3*v + h = -u - 2*v. Calculate the highest common divisor of 2 and u.
2
Suppose 4*r - 2*k = 24380, 17*k - 6139 = -r + 12*k. What is the greatest common divisor of 114 and r?
57
Suppose -2*y - 564 = 2*d, 4 = 4*y - 8*y. Let o = -165 - d. What is the highest common divisor of 4 and o?
4
Let t = 466 - 467. Let l(s) = -99*s**3 - s**2 - 5*s - 5. Let d be l(t). Calculate the greatest common divisor of 154 and d.
14
Let q(u) = -6*u + 3 + u + 8*u**3 + 3*u. Let g be q(2). Suppose -h + h - 12*h + 108 = 0. Calculate the greatest common divisor of g and h.
9
Let h(n) = -n**3 - 26*n**2 - 48*n + 6. Let a be h(-24). Let t be (-13)/(-39) - (-658)/a. What is the highest common divisor of 44 and t?
22
Let f be 3/3*(2 + 103). Calculate the greatest common factor of 1855 and f.
35
Let y be 365/6 - (2500/120 - 10 - 10). Let m = 182 + -107. What is the greatest common factor of y and m?
15
Let n(l) = -19*l - 4. Let s be n(4). Let m = s - -91. Let x = -182 - -281. Calculate the greatest common divisor of x and m.
11
Let l = 561 - 351. Suppose 4*f + 218 = -l. Let j = f - -237. Calculate the greatest common factor of j and 26.
26
Suppose 37*u + 1094 - 2953 = 842. What is the greatest common factor of u and 9563?
73
Let d = -41 + 43. Suppose -5*g = 5*r - 65, 21 = d*g + 2*r - 5*r. Suppose -13*p + 220 = -g*p. What is the greatest common divisor of p and 20?
20
Let k be 94049/29 - 130/1885. Calculate the highest common divisor of 235 and k.
47
Let u = 624 + -1203. Let l = u + 587. Let n be (-2 + 0)*-68 - 0. Calculate the highest common factor of n and l.
8
Suppose -5*q + 8*d + 325 = 13*d, -3*q + 159 = -3*d. Calculate the highest common divisor of q and 8909.
59
Let b be (-440)/6*18/(-15). Let p = 445 + -434. Calculate the greatest common divisor of b and p.
11
Let z be 2 - 7214/(-6) - (-568)/852. Calculate the greatest common divisor of z and 5.
5
Suppose 0 = -0*h + 2*h - 68. Suppose -2*d + h = -q, 5*d = 5*q + 8 + 77. Let p = 16069 - 16018. What is the highest common divisor of d and p?
17
Let n = 26 + -24. Suppose -n*y - 156 = -8*y. Calculate the greatest common factor of 39 and y.
13
Let f = 72 - 57. Let w(b) = b**3 - 6*b**2 - b + 14. Let m be w(6). Suppose f = y - m. Calculate the greatest common divisor of 23 and y.
23
Let x(k) = 232*k + 1 - 2*k**2 - 237*k + 0*k**3 + 2*k**3. Let p be x(3). Calculate the greatest common factor of 22 and p.
22
Let f = 231 + -223. Let t be (-46)/92*f*-6. What is the highest common factor of t and 120?
24
Let y be 4/(-6) + 19 + (-880)/(-60). Suppose 19*i + 264 = 27*i. Calculate the greatest common factor of i and y.
33
Let t be (-390)/8*(16/9)/((-44)/66). What is the highest common divisor of 364 and t?
26
Let s(c) = -31*c + 507. Let x be s(15). Let t be 4/3*84/2. Suppose 0*d - 2*j = -4*d + t, -j = -3*d + 42. What is the greatest common divisor of x and d?
14
Let y be (27/(-6))/(2/(-8)). Let r be (-9 - (-153)/15)/((-3)/10). Let k(x) = x**2 - 16*x - 8. Let u be k(r). What is the greatest common divisor of u and y?
18
Let a be (-1 - 0)/(3*(-1)/33). What is the highest common divisor of a and 88?
11
Let d be (2 - (2 + -1))*16. Let f be -1*(5 + 4 - 8). Let s be (f - 2)*11/((-33)/256). What is the highest common factor of d and s?
16
Let p be 47/(-705) - (-4204)/60. Calculate the greatest common factor of p and 910.
70
Let s = -1533 + 1559. What is the greatest common factor of s and 1911?
13
Let g = 11196 - 10152. What is the highest common factor of 468 and g?
36
Let u(d) = -d**3 + 7*d**2 + 3. Let q be u(7). Suppose v - q = 12. Suppose 96 - 21 = f. What is the highest common divisor of v and f?
15
Let q(m) = 18*m + 89. Let u be q(-5). Let l be 97 - u/(-5)*-5. What is the highest common divisor of 490 and l?
98
Let a be -2*(66/(-4))/(-3). Let s(v) = -2*v**3 - 48*v**2 + 2*v + 28. Let l be s(-24). Let q be a/(1 - (-25)/l). What is the greatest common divisor of q and 22?
22
Let u be 10/(-15)*(-287 + 5). Let v = 474 - u. What is the greatest common factor of 110 and v?
22
Suppose 3*v + 1 + 83 = p, -3*p = -5*v - 248. Suppose 3*o - 150 = 8*o. Let a = -3 - o. What is the greatest common divisor of p and a?
27
Let p = 477 - 264. Suppose 4*c = 2*v - 322, -v + c + p = 50. Calculate the greatest common divisor of v and 45.
15
Let f(s) = 615*s**3 - 59*s**2 + 61*s - 1. Let b be f(1). Calculate the greatest common divisor of 440 and b.
88
Let n(m) = 20*m + 31. Let q be n(-4). Let g = -45 - q. Suppose -2 = -u, 26 = -3*f + g*f + u. Calculate the greatest common divisor of 192 and f.
24
Let f be (-4)/(-10)*5 + 6*(-570)/(-12). What is the greatest common factor of f and 1025?
41
Let r(g) = -g**2 - g - 5. Let t be r(8). Let a = t + 77. Let y(q) = -q**2 + 29. Let v be y(a). Calculate the greatest common factor of v and 87.
29
Let i(r) = r**3 - 90*r**2 - 2*r + 356. Let c be i(90). What is the highest common divisor of c and 288?
16
Suppose -2*f = f - 66. Suppose 0 = -4*m - o + 1396, 1270*o - 1267*o = 3*m - 1092. Calculate the greatest common factor of m and f.
22
Suppose 7728 - 2027 = 481*m - 2957. What is the highest common factor of 246 and m?
6
Suppose -6*n - 353 = -4*i - n, -i = -2*n - 86. Let d = i + -84. Suppose 0*z + d*z = 80. Calculate the greatest common divisor of z and 70.
10
Suppose 4*m - 2405 = -4*d + 3*d, -5 = -d. Suppose 5*u - x = m, -3*u + 2*x + 83 = -270. What is the highest common divisor of 22 and u?
11
Let d be (-604)/(-2) + (-1 - 1). Let v(k) = 1044*k + 120. Let m be v(0). Calculate the greatest common factor of m and d.
60
Let y(u) be the third derivative of -7*u**4/12 + 25*u**3/3 - 69*u**2. Let d be y(2). Calculate the highest common factor of d and 385.
11
Suppose 871 = 31*c - 1561 + 882. What is the highest common divisor of 225 and c?
25
Suppose 0*l + 4*l + 556 = 2*f, 286 = f + 2*l. Suppose -7*y = -110 - f. Calculate the highest common factor of 56 and y.
56
Suppose -5*y + 262 - 732 = 0. Let r be -4 - y/1 - (2 - 4). Let j = 54 + -31. What is the greatest common divisor of j and r?
23
Let s(a) = 83*a - 984. Let b be s(12). What is the highest common divisor of b and 4332?
12
Suppose -5*c - 2*i + 4003 = 915, 12 = -2*i. What is the highest common divisor of c and 372?
124
Let f = -16 - -22. Suppose 0 = 4*m + 11 - 3. Let w be 15*(40/(-25))/m. Calculate the highest common factor of w and f.
6
Let h(z) = 361*z + 12643. Let l be h(-34). What is the greatest common divisor of l and 943?
41
Suppose -a - 2*a = -48. Suppose -3*u - 20*n = -18*n - 1594, 4*u = 3*n + 2097. Calculate the highest common factor of u and a.
16
Suppose 0 = -66*g + 43593 + 9603. What is the greatest common divisor of 62 and g?
62
Let b be 3/((18/(-16))/(-3)). Let l 